{"id":2214,"date":"2023-08-05T18:52:31","date_gmt":"2023-08-05T18:52:31","guid":{"rendered":"https:\/\/natureengravure.com\/?post_type=product&#038;p=2214"},"modified":"2025-05-11T20:55:05","modified_gmt":"2025-05-11T20:55:05","slug":"porte-cles-lievre","status":"publish","type":"product","link":"https:\/\/natureengravure.com\/?product=porte-cles-lievre","title":{"rendered":"Porte-cl\u00e9s Li\u00e8vre"},"content":{"rendered":"<p><strong>Caract\u00e9ristiques :<\/strong><\/p>\n<ul>\n<li>Porte-cl\u00e9s carr\u00e9 en bois de h\u00eatre et boucle m\u00e9tal.<br \/>\nDimensions : 4 cm x 4 cm.<br \/>\nLongueur totale avec anneau : 6 cm.<br \/>\nMarquage Recto \/ Verso au laser sans encre (pyrogravure laser).<br \/>\nPlus respectueux de l\u2019environnement.<br \/>\nLivr\u00e9 dans une enveloppe en papier recycl\u00e9 kraft.<br \/>\nMarquage verso : logo Nature en Gravure.<br \/>\nLa couleur des porte-cl\u00e9s peut l\u00e9g\u00e8rement varier en fonction de la pigmentation<br \/>\nnaturelle du bois.<\/li>\n<\/ul>\n","protected":false},"excerpt":{"rendered":"<p>Caract\u00e9ristiques : Porte-cl\u00e9s carr\u00e9 en bois de h\u00eatre et boucle m\u00e9tal. Dimensions : 4 cm x 4 cm. Longueur totale avec anneau : 6 cm. Marquage Recto \/ Verso au laser sans encre (pyrogravure laser). Plus respectueux de l\u2019environnement. Livr\u00e9 dans une enveloppe en papier recycl\u00e9 kraft. Marquage verso : logo Nature en Gravure. La [&hellip;]<\/p>\n","protected":false},"featured_media":2685,"comment_status":"open","ping_status":"closed","template":"","meta":{"_uag_custom_page_level_css":"","site-sidebar-layout":"default","site-content-layout":"default","ast-site-content-layout":"default","site-content-style":"default","site-sidebar-style":"default","ast-global-header-display":"","ast-banner-title-visibility":"","ast-main-header-display":"","ast-hfb-above-header-display":"","ast-hfb-below-header-display":"","ast-hfb-mobile-header-display":"","site-post-title":"","ast-breadcrumbs-content":"","ast-featured-img":"","footer-sml-layout":"","ast-disable-related-posts":"","theme-transparent-header-meta":"default","adv-header-id-meta":"","stick-header-meta":"","header-above-stick-meta":"","header-main-stick-meta":"","header-below-stick-meta":"","astra-migrate-meta-layouts":"set","ast-page-background-enabled":"default","ast-page-background-meta":{"desktop":{"background-color":"","background-image":"","background-repeat":"repeat","background-position":"center center","background-size":"auto","background-attachment":"scroll","background-type":"","background-media":"","overlay-type":"","overlay-color":"","overlay-opacity":"","overlay-gradient":""},"tablet":{"background-color":"","background-image":"","background-repeat":"repeat","background-position":"center center","background-size":"auto","background-attachment":"scroll","background-type":"","background-media":"","overlay-type":"","overlay-color":"","overlay-opacity":"","overlay-gradient":""},"mobile":{"background-color":"","background-image":"","background-repeat":"repeat","background-position":"center center","background-size":"auto","background-attachment":"scroll","background-type":"","background-media":"","overlay-type":"","overlay-color":"","overlay-opacity":"","overlay-gradient":""}},"ast-content-background-meta":{"desktop":{"background-color":"var(--ast-global-color-5)","background-image":"","background-repeat":"repeat","background-position":"center center","background-size":"auto","background-attachment":"scroll","background-type":"","background-media":"","overlay-type":"","overlay-color":"","overlay-opacity":"","overlay-gradient":""},"tablet":{"background-color":"var(--ast-global-color-5)","background-image":"","background-repeat":"repeat","background-position":"center center","background-size":"auto","background-attachment":"scroll","background-type":"","background-media":"","overlay-type":"","overlay-color":"","overlay-opacity":"","overlay-gradient":""},"mobile":{"background-color":"var(--ast-global-color-5)","background-image":"","background-repeat":"repeat","background-position":"center center","background-size":"auto","background-attachment":"scroll","background-type":"","background-media":"","overlay-type":"","overlay-color":"","overlay-opacity":"","overlay-gradient":""}}},"product_brand":[],"product_cat":[32],"product_tag":[],"class_list":{"0":"post-2214","1":"product","2":"type-product","3":"status-publish","4":"has-post-thumbnail","6":"product_cat-porte","7":"desktop-align-left","8":"tablet-align-left","9":"mobile-align-left","11":"first","12":"instock","13":"shipping-taxable","14":"purchasable","15":"product-type-simple"},"uagb_featured_image_src":{"full":["https:\/\/natureengravure.com\/wp-content\/uploads\/2023\/07\/20250320_131237.jpg",1919,1920,false],"thumbnail":["https:\/\/natureengravure.com\/wp-content\/uploads\/2023\/07\/20250320_131237-150x150.jpg",150,150,true],"medium":["https:\/\/natureengravure.com\/wp-content\/uploads\/2023\/07\/20250320_131237-300x300.jpg",300,300,true],"medium_large":["https:\/\/natureengravure.com\/wp-content\/uploads\/2023\/07\/20250320_131237-768x768.jpg",768,768,true],"large":["https:\/\/natureengravure.com\/wp-content\/uploads\/2023\/07\/20250320_131237-1024x1024.jpg",1024,1024,true],"1536x1536":["https:\/\/natureengravure.com\/wp-content\/uploads\/2023\/07\/20250320_131237-1536x1536.jpg",1536,1536,true],"2048x2048":["https:\/\/natureengravure.com\/wp-content\/uploads\/2023\/07\/20250320_131237.jpg",1919,1920,false],"woocommerce_thumbnail":["https:\/\/natureengravure.com\/wp-content\/uploads\/2023\/07\/20250320_131237-300x300.jpg",300,300,true],"woocommerce_single":["https:\/\/natureengravure.com\/wp-content\/uploads\/2023\/07\/20250320_131237-600x600.jpg",600,600,true],"woocommerce_gallery_thumbnail":["https:\/\/natureengravure.com\/wp-content\/uploads\/2023\/07\/20250320_131237-100x100.jpg",100,100,true]},"uagb_author_info":{"display_name":"natureengravure","author_link":"https:\/\/natureengravure.com\/?author=0"},"uagb_comment_info":0,"uagb_excerpt":"Caract\u00e9ristiques : Porte-cl\u00e9s carr\u00e9 en bois de h\u00eatre et boucle m\u00e9tal. Dimensions : 4 cm x 4 cm. Longueur totale avec anneau : 6 cm. Marquage Recto \/ Verso au laser sans encre (pyrogravure laser). Plus respectueux de l\u2019environnement. Livr\u00e9 dans une enveloppe en papier recycl\u00e9 kraft. Marquage verso : logo Nature en Gravure. La\u2026","_links":{"self":[{"href":"https:\/\/natureengravure.com\/index.php?rest_route=\/wp\/v2\/product\/2214","targetHints":{"allow":["GET"]}}],"collection":[{"href":"https:\/\/natureengravure.com\/index.php?rest_route=\/wp\/v2\/product"}],"about":[{"href":"https:\/\/natureengravure.com\/index.php?rest_route=\/wp\/v2\/types\/product"}],"replies":[{"embeddable":true,"href":"https:\/\/natureengravure.com\/index.php?rest_route=%2Fwp%2Fv2%2Fcomments&post=2214"}],"wp:featuredmedia":[{"embeddable":true,"href":"https:\/\/natureengravure.com\/index.php?rest_route=\/wp\/v2\/media\/2685"}],"wp:attachment":[{"href":"https:\/\/natureengravure.com\/index.php?rest_route=%2Fwp%2Fv2%2Fmedia&parent=2214"}],"wp:term":[{"taxonomy":"product_brand","embeddable":true,"href":"https:\/\/natureengravure.com\/index.php?rest_route=%2Fwp%2Fv2%2Fproduct_brand&post=2214"},{"taxonomy":"product_cat","embeddable":true,"href":"https:\/\/natureengravure.com\/index.php?rest_route=%2Fwp%2Fv2%2Fproduct_cat&post=2214"},{"taxonomy":"product_tag","embeddable":true,"href":"https:\/\/natureengravure.com\/index.php?rest_route=%2Fwp%2Fv2%2Fproduct_tag&post=2214"}],"curies":[{"name":"wp","href":"https:\/\/api.w.org\/{rel}","templated":true}]}}